{"id":5006,"date":"2023-09-01T17:10:08","date_gmt":"2023-09-01T17:10:08","guid":{"rendered":"https:\/\/outraseconomias.pt\/outrasec\/?page_id=5006"},"modified":"2026-03-04T16:27:54","modified_gmt":"2026-03-04T16:27:54","slug":"sobre","status":"publish","type":"page","link":"https:\/\/outraseconomias.pt\/outrasec\/sobre\/","title":{"rendered":"Sobre"},"content":{"rendered":"<div class=\"wpb-content-wrapper\"><p>[vc_row css=&#8221;.vc_custom_1693942678961{padding-top: 50px !important;}&#8221;][vc_column][vc_custom_heading text=&#8221;Revista Outras Economias&#8221; font_container=&#8221;tag:h1|text_align:left|color:%23163a48&#8243; google_fonts=&#8221;font_family:Anton%3Aregular|font_style:400%20regular%3A400%3Anormal&#8221;][vc_column_text]A revista Outras Economias \u00e9 uma publica\u00e7\u00e3o digital multim\u00e9dia quadrimestral, em Portugu\u00eas, sobre economia e alternativas econ\u00f3micas editada pelo Centro de Interven\u00e7\u00e3o para o Desenvolvimento Am\u00edlcar Cabral \u2013 CIDAC.[\/vc_column_text][\/vc_column][\/vc_row][vc_row css=&#8221;.vc_custom_1693943536771{padding-top: 30px !important;}&#8221;][vc_column width=&#8221;2\/3&#8243;][vc_custom_heading text=&#8221;Um outro olhar sobre a economia\u2026&#8221; font_container=&#8221;tag:h3|text_align:left|color:%23163a48&#8243; google_fonts=&#8221;font_family:Anton%3Aregular|font_style:400%20regular%3A400%3Anormal&#8221;][vc_column_text]<\/p>\n<p style=\"text-align: justify;\">Constatamos que muitas pessoas se consideram n\u00e3o-aptas ou sem legitimidade para pensarem, se pronunciarem ou agirem sobre quest\u00f5es econ\u00f3micas, o que gera um d\u00e9fice no debate democr\u00e1tico.<\/p>\n<p style=\"text-align: justify;\">Sendo a economia uma dimens\u00e3o que pesa fortemente sobre a vida das pessoas, das sociedades e dos ecossistemas, \u00e9 fundamental que os cidad\u00e3os e as cidad\u00e3s possam dispor de chaves de descodifica\u00e7\u00e3o para entenderem melhor esta realidade complexa e tenham acesso ao vasto campo de alternativas, isto \u00e9, experi\u00eancias de alteridade em rela\u00e7\u00e3o ao modelo econ\u00f3mico dominante, que t\u00eam sido constru\u00eddas um pouco por todo o mundo, desde o final dos anos 60, do s\u00e9culo passado, at\u00e9 \u00e0 presente data.<\/p>\n<p style=\"text-align: justify;\">Atrav\u00e9s desta publica\u00e7\u00e3o, pretende-se produzir, coligir, traduzir e difundir informa\u00e7\u00f5es, reflex\u00f5es e ferramentas que permitam entender melhor o sistema econ\u00f3mico vigente e os seus impactos sobre a vida das pessoas e o meio ambiente, no Norte e no Sul geopol\u00edticos, favorecendo o esp\u00edrito cr\u00edtico e posicionamentos e pr\u00e1ticas individuais e coletivas solid\u00e1rias, a n\u00edvel local e global.<\/p>\n<p>[\/vc_column_text][vc_custom_heading text=&#8221;Um \u00e2ngulo tem\u00e1tico\u2026&#8221; font_container=&#8221;tag:h3|text_align:left|color:%23163a48&#8243; google_fonts=&#8221;font_family:Anton%3Aregular|font_style:400%20regular%3A400%3Anormal&#8221;][vc_column_text]<\/p>\n<p style=\"text-align: justify;\">A revista Outras Economias n\u00e3o \u00e9 uma revista focada na atualidade imediata, privilegiando abordagens mais amplas e anal\u00edticas que permitam, sim, descodificar a atualidade. Neste sentido, adota um formato tem\u00e1tico para cada uma das suas edi\u00e7\u00f5es, explorando de maneira aprofundada e multifacetada cada uma das tem\u00e1ticas escolhidas. Mant\u00e9m, no entanto, uma sec\u00e7\u00e3o fixa em cada n\u00famero dedicada \u00e0 atualidade das alternativas econ\u00f3micas a n\u00edvel nacional e internacional.<\/p>\n<p>[\/vc_column_text][vc_custom_heading text=&#8221;Uma abordagem colaborativa\u2026&#8221; font_container=&#8221;tag:h3|text_align:left|color:%23163a48&#8243; google_fonts=&#8221;font_family:Anton%3Aregular|font_style:400%20regular%3A400%3Anormal&#8221;][vc_column_text]<\/p>\n<p style=\"text-align: justify;\">Cada n\u00famero da revista Outras Economias resulta de uma colabora\u00e7\u00e3o com pessoas, organiza\u00e7\u00f5es, constru\u00edda \u00e0 volta da tem\u00e1tica espec\u00edfica do n\u00famero, desde a planifica\u00e7\u00e3o at\u00e9 a publica\u00e7\u00e3o.<\/p>\n<p>A revista mant\u00e9m canais abertos com os seus leitores e leitoras e organiza encontros regulares de modo a poder aprofundar debates, mas tamb\u00e9m para melhorar a publica\u00e7\u00e3o a partir do olhar de quem a l\u00ea.[\/vc_column_text][vc_custom_heading text=&#8221;Uma vida al\u00e9m da revista&#8230;&#8221; font_container=&#8221;tag:h3|text_align:left|color:%23163a48&#8243; google_fonts=&#8221;font_family:Anton%3Aregular|font_style:400%20regular%3A400%3Anormal&#8221;][vc_column_text]<\/p>\n<p style=\"text-align: justify;\">A equipa editorial organiza, \u00e0 volta de cada n\u00famero, atividades educativas e de debate, confer\u00eancias, mesas redondas, encontros, forma\u00e7\u00f5es para educadores e educadoras, sess\u00f5es em escolas e universidades, entre outros.<\/p>\n<p>[\/vc_column_text][vc_custom_heading text=&#8221;Um posicionamento transparente\u2026&#8221; font_container=&#8221;tag:h3|text_align:left|color:%23163a48&#8243; google_fonts=&#8221;font_family:Anton%3Aregular|font_style:400%20regular%3A400%3Anormal&#8221;][vc_column_text]<\/p>\n<p style=\"text-align: justify;\">A linha editorial da revista assume-se como cr\u00edtica do modelo capitalista e defende modelos baseados na justi\u00e7a social, econ\u00f3mica e ambiental, democr\u00e1ticos e que promovem solidariedades locais e globais. Afirmamos esta linha pol\u00edtica, sem qualquer filia\u00e7\u00e3o partid\u00e1ria.<\/p>\n<p>[\/vc_column_text][vc_custom_heading text=&#8221;Um financiamento h\u00edbrido\u2026&#8221; font_container=&#8221;tag:h3|text_align:left|color:%23163a48&#8243; google_fonts=&#8221;font_family:Anton%3Aregular|font_style:400%20regular%3A400%3Anormal&#8221;][vc_column_text]<\/p>\n<p style=\"text-align: justify;\">A produ\u00e7\u00e3o da revista \u00e9 financiada em 75% por fundos p\u00fablicos oriundos do Cam\u00f5es, Instituto da Coopera\u00e7\u00e3o e da L\u00edngua atrav\u00e9s da linha de financiamento de projeto de Educa\u00e7\u00e3o para o Desenvolvimento destinada \u00e0s ONGD e em 25% pelo CIDAC.<\/p>\n<div class=\"wp-block-spacer\" aria-hidden=\"true\"><\/div>\n<p>[\/vc_column_text][\/vc_column][vc_column width=&#8221;1\/3&#8243;][vc_single_image image=&#8221;4948&#8243; img_size=&#8221;300&#215;400&#8243;][\/vc_column][\/vc_row][vc_row full_width=&#8221;stretch_row&#8221; css=&#8221;.vc_custom_1694468386314{padding-top: 50px !important;padding-bottom: 50px !important;background-color: #e5e5e5 !important;}&#8221;][vc_column width=&#8221;2\/3&#8243;][vc_custom_heading text=&#8221;Ficha T\u00e9cnica&#8221; font_container=&#8221;tag:h2|text_align:left|color:%23163a48&#8243; google_fonts=&#8221;font_family:Anton%3Aregular|font_style:400%20regular%3A400%3Anormal&#8221;][vc_column_text]<span style=\"font-family: arial, sans-serif;\"><span lang=\"pt-PT\"><b>T\u00edtulo da publica\u00e7\u00e3o:<\/b><\/span><\/span><span style=\"font-family: arial, sans-serif;\"><span lang=\"pt-PT\"> Outras Economias<\/span><\/span><\/p>\n<p><span style=\"font-family: arial, sans-serif;\"><span lang=\"pt-PT\"><b>Periodicidade:<\/b><\/span><\/span><span style=\"font-family: arial, sans-serif;\"><span lang=\"pt-PT\"> Quadrimestral<\/span><\/span><\/p>\n<p><span style=\"font-family: arial, sans-serif;\"><span lang=\"pt-PT\"><b>Entidade Propriet\u00e1ria:<\/b><\/span><\/span><span style=\"font-family: arial, sans-serif;\"><span lang=\"pt-PT\"><a href=\"https:\/\/cidac.pt\/\" target=\"_blank\" rel=\"noopener\"> CIDAC<\/a> \u2013 Centro de Interven\u00e7\u00e3o para o Desenvolvimento Am\u00edlcar Cabral<\/span><\/span><\/p>\n<p lang=\"pt-PT\"><span style=\"font-family: arial, sans-serif;\"><b>Editor:<\/b> <a href=\"https:\/\/cidac.pt\/\" target=\"_blank\" rel=\"noopener\">CIDAC<\/a> \u2013 Centro de Interven\u00e7\u00e3o para o Desenvolvimento Am\u00edlcar Cabral<\/span><\/p>\n<p><span style=\"font-family: arial, sans-serif;\"><span lang=\"pt-PT\"><b>N\u00famero de registo de pessoa coletiva:<\/b><\/span><\/span><span style=\"font-family: arial, sans-serif;\"><span lang=\"pt-PT\"> 501147942<\/span><\/span><\/p>\n<p><span style=\"font-family: arial, sans-serif;\"><span lang=\"pt-PT\"><b>Sede:<\/b><\/span><\/span><span style=\"font-family: arial, sans-serif;\"><span lang=\"pt-PT\"> Rua Tom\u00e1s Ribeiro, N.\u00ba 3 a 9, 1069-069 Lisboa<\/span><\/span><\/p>\n<p><span style=\"font-family: arial, sans-serif;\"><b>Dire\u00e7\u00e3o:<\/b> Cec\u00edlia Fonseca, Cristina Cruz, St\u00e9phane Laurent<\/span><\/p>\n<p><span style=\"font-family: arial, sans-serif;\"><b>Conce\u00e7\u00e3o gr\u00e1fica:<\/b> Carlos Guerreiro<\/span><\/p>\n<p><span style=\"font-family: arial, sans-serif;\"><b>Contacto:<\/b> <a href=\"mailto:info@outraseconomias.pt\">info@outraseconomias.p<\/a><a href=\"mailto:info@outraseconomias.pt\">t<\/a> \/ 21 317 28 60 (chamada para a rede fixa)<\/span>[\/vc_column_text][\/vc_column][vc_column width=&#8221;1\/3&#8243;][\/vc_column][\/vc_row]<\/p>\n<\/div>","protected":false},"excerpt":{"rendered":"<p>[vc_row css=&#8221;.vc_custom_1693942678961{padding-top: 50px !important;}&#8221;][vc_column][vc_custom_heading text=&#8221;Revista Outras Economias&#8221; font_container=&#8221;tag:h1|text_align:left|color:%23163a48&#8243; google_fonts=&#8221;font_family:Anton%3Aregular|font_style:400%20regular%3A400%3Anormal&#8221;][vc_column_text]A revista Outras Economias \u00e9 uma publica\u00e7\u00e3o digital multim\u00e9dia quadrimestral, em Portugu\u00eas, sobre economia e alternativas econ\u00f3micas editada pelo Centro de Interven\u00e7\u00e3o para o Desenvolvimento Am\u00edlcar Cabral \u2013 CIDAC.[\/vc_column_text][\/vc_column][\/vc_row][vc_row css=&#8221;.vc_custom_1693943536771{padding-top: 30px !important;}&#8221;][vc_column width=&#8221;2\/3&#8243;][vc_custom_heading text=&#8221;Um outro olhar sobre a economia\u2026&#8221; font_container=&#8221;tag:h3|text_align:left|color:%23163a48&#8243; google_fonts=&#8221;font_family:Anton%3Aregular|font_style:400%20regular%3A400%3Anormal&#8221;][vc_column_text] Constatamos que muitas pessoas se consideram&hellip;<\/p>\n","protected":false},"author":1,"featured_media":0,"parent":0,"menu_order":0,"comment_status":"closed","ping_status":"closed","template":"","meta":{"_acf_changed":false,"h5ap_radio_sources":[],"footnotes":""},"class_list":["post-5006","page","type-page","status-publish","hentry"],"acf":[],"_links":{"self":[{"href":"https:\/\/outraseconomias.pt\/outrasec\/wp-json\/wp\/v2\/pages\/5006","targetHints":{"allow":["GET"]}}],"collection":[{"href":"https:\/\/outraseconomias.pt\/outrasec\/wp-json\/wp\/v2\/pages"}],"about":[{"href":"https:\/\/outraseconomias.pt\/outrasec\/wp-json\/wp\/v2\/types\/page"}],"author":[{"embeddable":true,"href":"https:\/\/outraseconomias.pt\/outrasec\/wp-json\/wp\/v2\/users\/1"}],"replies":[{"embeddable":true,"href":"https:\/\/outraseconomias.pt\/outrasec\/wp-json\/wp\/v2\/comments?post=5006"}],"version-history":[{"count":26,"href":"https:\/\/outraseconomias.pt\/outrasec\/wp-json\/wp\/v2\/pages\/5006\/revisions"}],"predecessor-version":[{"id":10348,"href":"https:\/\/outraseconomias.pt\/outrasec\/wp-json\/wp\/v2\/pages\/5006\/revisions\/10348"}],"wp:attachment":[{"href":"https:\/\/outraseconomias.pt\/outrasec\/wp-json\/wp\/v2\/media?parent=5006"}],"curies":[{"name":"wp","href":"https:\/\/api.w.org\/{rel}","templated":true}]}}